*y + 1104 - u = 0. What is the greatest common divisor of 16 and y?
16
Suppose 0 = 3*r - 4*u - 68, 7*r + u = 3*r + 59. Let k be (-23)/(-3) - (-2)/6. Calculate the highest common divisor of r and k.
8
Suppose 2*x + 16 = -6. Let z(m) = -m**3 - 11*m**2 - 6*m + 15. Let o be z(x). Suppose o - 21 = 3*a. What is the greatest common divisor of a and 10?
10
Suppose 0 = 11*y - 13*y + 110. Suppose 0 = -10*r + 7*r + 51. Let p = -12 + r. What is the highest common factor of y and p?
5
Let g be (-173387)/(-415) + 2/10. Suppose 0*o + 56 = 2*r + 5*o, 4*r + 2*o - 144 = 0. What is the highest common divisor of g and r?
38
Let g = 31 - 25. Suppose k - g*k + 20 = 0. Let h = 8 + k. Calculate the highest common divisor of 18 and h.
6
Let k = -8 - -18. Suppose 2 = w - 4*u - 7, 0 = -4*w + 3*u + 88. What is the greatest common divisor of w and k?
5
Let f = 199 + -139. Suppose -w + 55 = -2*q, 89 = -2*q - w + 24. Let h be (-4)/q - (-1196)/30. What is the highest common divisor of h and f?
20
Suppose -a - 1 = 0, -5*v + 2*a = -2*v - 704. Calculate the highest common divisor of v and 36.
18
Let s(f) be the third derivative of -f**6/40 - f**5/60 - f**4/12 + f**3/6 - 20*f**2. Let p be s(-2). Calculate the greatest common factor of p and 5.
5
Suppose 13 = 3*m - 65. Let q(n) = n**2 + 13*n - 35. Let z be q(-15). Let b be (-1)/(z/(4 - -61)). What is the greatest common divisor of b and m?
13
Suppose -5*g = 6*g - 2508. Calculate the greatest common factor of g and 171.
57
Let w be (-84)/10*-3*5. Suppose -28*l = -21*l - 98. What is the greatest common factor of w and l?
14
Suppose 4*y + 0*y - 12 = 0. Suppose r + 0*r = -5*k + y, -5*r = 2*k - 15. Let g be 11/((-22)/(-140)) + k. Calculate the highest common factor of 28 and g.
14
Let k be (-2)/1 + (9 - 3). Suppose -5*n - 6 = -k*n. Let s be (-3)/n - 18/(-4). Calculate the greatest common factor of 5 and s.
5
Let s(w) = w**3 - 9*w**2 + 6. Let c be s(9). Let j = c + -13. Let i be -48*j/((-21)/(-2)). What is the greatest common divisor of i and 8?
8
Let f(l) = -l**3 - 12*l**2 - 14*l + 70. Let m be f(-10). Calculate the greatest common factor of 6 and m.
2
Let z(b) = 5*b + 3. Suppose c = -c + 10. Let r be z(c). Calculate the highest common factor of 140 and r.
28
Let l(j) = -j**3 + j**2 - j - 1. Let i be l(2). Let f = i + 28. Let h be 0 - (-85*1 + 1). What is the highest common divisor of f and h?
21
Suppose x + 244 = 2*x - n, 3*x = 2*n + 735. What is the greatest common divisor of x and 13?
13
Suppose 25*y + 77 = 5477. Calculate the greatest common divisor of 48 and y.
24
Let v = -1701 - -1738. Calculate the greatest common divisor of v and 37.
37
Let t(p) = -p**2 + 5*p + 6. Let k be t(6). Let c(f) = 0*f + f + 2*f + 4*f**2 + k*f + 2. Let q be c(-2). Calculate the greatest common factor of 18 and q.
6
Let x(n) = n**2 + 3*n. Let s be x(-4). Let j = 11 + -6. Let k = j - 4. What is the highest common divisor of k and s?
1
Let w(o) = 10*o**2 - 3*o - 2. Let c be w(-1). What is the highest common factor of 77 and c?
11
Let q be (-1351)/(-21) - 1/3. Let z = 152 - q. What is the highest common factor of 8 and z?
8
Let f be (11/22)/(2/4). Let o be 3 + f/(-1) - -124. Suppose 0 = -3*k + 54 - 0. Calculate the greatest common factor of o and k.
18
Suppose -448 - 488 = -3*f. What is the highest common factor of 234 and f?
78
Suppose 189 = 3*h - 2*h - i, -4*i = -2*h + 372. Suppose -2*u - 4*u + h = 0. What is the highest common factor of u and 160?
32
Let c = 8076 + -8020. Let j(s) = 140*s**2 - s + 1. Let u(t) = -t**2 + 3*t + 1. Let d be u(3). Let w be j(d). What is the highest common divisor of w and c?
28
Let l(j) = -2 + 5*j**3 - 3*j - 4*j**2 - 3*j**3 + 5. Let x be l(4). Suppose -5 = -t - 0. What is the highest common factor of t and x?
5
Suppose -z - 1 = 0, 3*z = o - 0*z - 46. Suppose -q = 4*q - 180. Let n = o - q. Calculate the highest common factor of 21 and n.
7
Let z(r) = -7*r + 296. Let m be z(40). Let d(f) = 45*f**2 - f - 2. Let j be d(2). Calculate the greatest common factor of j and m.
16
Let l = -872 + 1574. What is the highest common factor of l and 52?
26
Suppose -546 = -84*p + 63*p. Calculate the highest common divisor of 143 and p.
13
Let x be 84/(-9)*(-12)/14. Suppose -x = 2*i, -2*j - 3*i + 44 = i. Let h(b) = b**2 - 3*b. Let y be h(5). What is the highest common divisor of j and y?
10
Let j be ((-27)/(-6))/((-3)/(-4)). Let a be (-1)/j + (-100)/(-24). What is the highest common factor of 2 and a?
2
Suppose -h + 41 - 1 = -4*t, h = -4*t + 48. Suppose h = -4*d + 8*d. Calculate the highest common divisor of 44 and d.
11
Suppose -5*m = -3*v + 10, 5*v - v = -3*m - 6. Let u = v + 14. What is the highest common factor of 21 and u?
7
Let v(y) = 2*y**2 + 37*y + 109. Let b be v(-15). Suppose 0 = -4*m + 15 + 25. What is the highest common divisor of m and b?
2
Suppose -j = 4*p - 1957, 2*p + 3*j = 625 + 346. What is the highest common factor of 10 and p?
10
Suppose 3*i + 392 = 431. What is the greatest common divisor of 1456 and i?
13
Let x(b) = -b**2 + 8*b - 8. Let d be x(7). Let y be (0 - 2) + (-16)/d. Let q be (-1 + 0)*(-350)/25. Calculate the greatest common factor of y and q.
14
Suppose -4*z + 2*z = -12. Suppose 4*v = -4, z*x - 103 = x - 2*v. What is the highest common divisor of 7 and x?
7
Let z(r) = -6*r**2 - 9*r - 3. Let t(b) = 5*b**2 + 9*b + 4. Let x(p) = -5*t(p) - 4*z(p). Let w be x(-6). What is the highest common factor of 110 and w?
10
Let f be (211 + 1)*(-3)/(-4). Suppose 0 = -2*u - p + 48 + f, 4*p - 513 = -5*u. What is the highest common factor of 21 and u?
21
Suppose 0 = 94*i - 14035 - 2415. What is the greatest common divisor of 50 and i?
25
Let c = -166 - -319. What is the highest common divisor of 17 and c?
17
Suppose -7*l + 0*l = 2*l. Suppose -7*b + 115 + 88 = l. What is the greatest common factor of b and 116?
29
Let q = 116 + -80. Suppose 4*z - 35 = -z - 4*f, -z + 5*f + q = 0. Let s(u) = u + 77. Let b be s(0). What is the highest common divisor of b and z?
11
Let h be (-24)/(-3)*1*-1. Let j = 2 - h. Suppose -3838 + 3438 = -80*x. What is the highest common factor of j and x?
5
Let g(k) = -k**3 - 13*k**2 - 6*k - 10. Let b be g(-13). Calculate the highest common divisor of 17 and b.
17
Let v(l) = 246*l**2 - 39*l - 74. Let o be v(-2). What is the highest common factor of o and 65?
13
Let h(k) = k**2 + 7*k + 2. Let i be h(-5). Let s be i/(-4) + (0 - 1). Let n be (s/(-1))/(8/(-72)). What is the greatest common factor of 27 and n?
9
Suppose -5*a + 210 = -2*y - 0*y, a - 49 = -y. What is the highest common factor of a and 11?
11
Let n be 150/14 - 6/(-21). Suppose 7*w = n*w - 56. Let k be (-3)/(6/2)*-42. What is the greatest common factor of w and k?
14
Let n = 21 + -19. Suppose -157 - 139 = -n*g. Suppose g = 5*z - 112. What is the greatest common factor of 26 and z?
26
Suppose -6*v + 288 = -2*v. Suppose -3*y = -8*y + 5, 5*r + 2*y - v = 0. Suppose 5*n = 34 - r. What is the highest common divisor of n and 4?
4
Let u = 10 + -8. Suppose b = -3, -2*b + 797 = u*m - 3*b. Suppose -47 - m = -3*r - 3*n, -5*r + 785 = -4*n. Calculate the greatest common divisor of r and 17.
17
Suppose -198 = 19*f - 616. Suppose -4*i - i = -5*h + 20, -h + 5*i = -16. Let p be 0 + h + 153 + 0. Calculate the highest common divisor of p and f.
22
Suppose 2*z = 5*g + 69, -14*z + 10*z + 5*g + 153 = 0. What is the highest common factor of 315 and z?
21
Let j(k) = 34*k**3 - 1. Let z be j(1). Suppose -3*a + 18 = -3*i, 4*a - i = -0*i + z. What is the highest common divisor of 9 and a?
9
Suppose 4*c + 8*o - 3*o - 97 = 0, -3*c + 3*o = -93. Calculate the greatest common divisor of 252 and c.
28
Let y(z) = -11*z - 4. Let m(j) = 13*j + 5. Let h(f) = -2*m(f) - 3*y(f). Suppose 4*p - 7 = 1. Let d be h(p). What is the highest common factor of d and 24?
8
Suppose -27*w + 11349 = -13437. Calculate the greatest common factor of w and 34.
34
Let j be (-18)/4*(-14)/7. Let a be (-81 + 1)/((-6)/j). What is the highest common divisor of 12 and a?
12
Suppose 3*n = u - 42, n - 2 - 1 = 0. What is the greatest common factor of 187 and u?
17
Let u(t) = t**3 + 13*t**2 + 14*t + 6. Let m be u(-9). Let h = m - 126. Suppose -2*d + 118 = -h. What is the highest common divisor of 14 and d?
14
Let l = -9 - -14. Suppose -136 = -l*z - 91. What is the greatest common divisor of 63 and z?
9
Suppose 5*f - 80